 and 134344106?
26
What is the greatest common factor of 107587 and 1215614?
397
Calculate the greatest common factor of 1623053609 and 53.
53
Calculate the greatest common factor of 190723604 and 4292.
4292
What is the highest common factor of 1079 and 992099?
83
Calculate the highest common divisor of 9815 and 248573.
13
What is the greatest common factor of 33559639 and 93?
31
What is the highest common factor of 13520424 and 96?
24
Calculate the highest common factor of 5106087 and 5628.
21
What is the greatest common factor of 330 and 875292?
66
Calculate the greatest common divisor of 11 and 83084243.
11
Calculate the greatest common divisor of 11408493 and 852.
213
Calculate the highest common divisor of 6496 and 449577952.
928
What is the highest common divisor of 949323540 and 124?
124
What is the highest common factor of 755 and 53143846?
151
What is the highest common factor of 1361 and 6147637?
1361
What is the greatest common divisor of 66259 and 4897421?
383
Calculate the greatest common divisor of 1110 and 49360035.
555
What is the highest common factor of 287212 and 306328?
236
Calculate the greatest common divisor of 358 and 29953681.
179
Calculate the highest common divisor of 3375 and 71901.
27
What is the highest common factor of 59 and 181919420?
59
Calculate the highest common factor of 25976 and 66287505.
3247
What is the greatest common divisor of 15446711 and 3038?
1519
What is the highest common divisor of 5256 and 19644984?
72
What is the greatest common divisor of 8256 and 1023624?
24
What is the greatest common factor of 6 and 8040490?
2
Calculate the highest common divisor of 400338 and 94536.
18
What is the highest common divisor of 40 and 9530656?
8
What is the greatest common factor of 74781 and 16191?
63
What is the highest common divisor of 266016 and 96864?
96
Calculate the greatest common divisor of 1106695 and 130820.
1055
Calculate the highest common factor of 167903 and 152.
19
Calculate the greatest common divisor of 22056664 and 152.
8
Calculate the highest common divisor of 198203343 and 39.
39
What is the greatest common divisor of 142730 and 145670?
70
Calculate the greatest common divisor of 67622263 and 1.
1
Calculate the greatest common divisor of 2338 and 97157928.
2338
Calculate the greatest common factor of 19096 and 417802.
154
What is the greatest common factor of 132435630 and 179280?
7470
What is the greatest common divisor of 147 and 31974754?
49
What is the highest common divisor of 28 and 5419050?
14
Calculate the highest common factor of 872 and 15675617.
109
What is the greatest common divisor of 1673788239 and 591?
591
Calculate the greatest common divisor of 629 and 5462729.
17
What is the highest common divisor of 242722 and 56834?
314
What is the highest common divisor of 36000 and 18680?
40
Calculate the highest common divisor of 814 and 12578104.
22
What is the highest common divisor of 406560 and 451290?
210
What is the highest common divisor of 170564688 and 133308?
5796
Calculate the highest common divisor of 210 and 3336360.
30
Calculate the highest common factor of 2728 and 3020.
4
What is the greatest common divisor of 2546136 and 180?
36
What is the highest common factor of 5313 and 259057073?
253
What is the highest common divisor of 516 and 154047?
3
Calculate the greatest common factor of 5548026 and 34122.
66
Calculate the highest common divisor of 100 and 4928980.
20
What is the highest common divisor of 19501156 and 16?
4
What is the highest common factor of 511676 and 2859932?
1604
What is the greatest common factor of 1944 and 85709691?
27
What is the highest common divisor of 2173820 and 3608?
1804
What is the greatest common divisor of 49479 and 9?
3
Calculate the highest common divisor of 1662580 and 687314.
1714
Calculate the greatest common divisor of 9185672 and 8680.
248
Calculate the greatest common factor of 19614 and 235516506.
2802
Calculate the highest common divisor of 219508 and 904.
4
Calculate the highest common factor of 990 and 218070.
90
What is the greatest common factor of 2197160 and 1406?
38
What is the greatest common factor of 433824692 and 2044?
2044
Calculate the greatest common factor of 37592 and 275336.
1016
Calculate the greatest common divisor of 3560 and 47392144.
712
What is the highest common factor of 31573248 and 4088?
56
Calculate the greatest common factor of 114276 and 1524108.
1284
What is the highest common divisor of 23241175 and 75?
25
What is the greatest common divisor of 1780122 and 50?
2
What is the greatest common divisor of 485 and 10045417?
97
Calculate the greatest common divisor of 23516726 and 86.
2
Calculate the greatest common divisor of 3408 and 41032746.
426
What is the highest common divisor of 1125 and 887535?
45
What is the greatest common factor of 110 and 2072210?
10
What is the highest common factor of 14790 and 406580?
290
Calculate the greatest common divisor of 9920 and 33635.
155
Calculate the greatest common factor of 270435 and 47553.
363
What is the highest common divisor of 198692 and 5668?
52
What is the greatest common factor of 1894405 and 656?
41
Calculate the highest common factor of 8436 and 3306468.
444
Calculate the highest common divisor of 14608 and 115852.
44
Calculate the greatest common divisor of 2356214 and 882.
98
What is the highest common divisor of 425 and 1586525?
425
Calculate the greatest common factor of 538222 and 6262.
62
What is the highest common factor of 966 and 14152038?
138
What is the greatest common divisor of 726670 and 388080?
490
What is the highest common factor of 17106876 and 148?
148
What is the highest common factor of 260832 and 37202?
418
Calculate the greatest common factor of 46382418 and 234.
18
What is the highest common divisor of 24019280 and 55596?
452
Calculate the highest common divisor of 181335 and 51590.
385
What is the highest common divisor of 1440 and 1569339?
9
Calculate the greatest common divisor of 1661918 and 55553.
73
What is the highest common divisor of 299638588 and 183?
61
Calculate the highest common divisor of 1195 and 4108171.
239
Calculate the highest common factor of 159245 and 2165.
5
Calculate the greatest common divisor of 4745 and 16770728.
949
What is the greatest common divisor of 39245502 and 826?
118
What is the highest common divisor of 597549 and 251944?
409
Calculate the greatest common divisor of 612 and 165468.
12
What is the highest common divisor of 31509 and 827403?
1167
Calculate the greatest common factor of 54 and 77034.
6
What is the greatest common divisor of 207375 and 484665?
1185
Calculate the highest common factor of 95802 and 149394.
42
Calculate the greatest common factor of 1 and 9484367.
1
Calculate the greatest common factor of 580832 and 1904.
112
Calculate the highest common divisor of 26831466 and 3936.
246
Calculate the highest common factor of 3316929 and 49.
7
What is the greatest common factor of 266500608 and 66?
66
Calculate the highest common divisor of 2059 and 1007141.
29
Calculate the highest common factor of 966 and 566068272.
966
What is the highest common factor of 4 and 2683838?
2
What is the highest common factor of 2934463 and 3038?
49
Calculate the greatest common divisor of 91754 and 45786.
26
What is the highest common divisor of 218741142 and 34?
34
What is the highest common divisor of 342574 and 7850?
314
Calculate the greatest common divisor of 27 and 43520223.
3
What is the highest common divisor of 248 and 3207601?
31
Calculate the greatest common divisor of 7450898 and 4130.
14
What is the greatest common divisor of 88304 and 128?
16
What is the greatest common divisor of 3757 and 2250222?
221
What is the greatest common divisor of 256530549 and 174?
87
What is the highest common factor of 8640 and 125880?
120
What is the highest common divisor of 20683 and 42032?
37
Calculate the highest common factor of 57822117 and 323.
17
What is the highest common factor of 317648 and 1296?
16
Calculate the highest common factor of 1090162 and 49228.
794
What is the greatest common factor of 3699768 and 192?
24
Calculate the highest common divisor of 34894 and 2786740.
478
What is the greatest common factor of 258942 and 1698?
6
What is the greatest common factor of 34 a